et r be 18890/(-35) - (-2)/(-7). Let s = 842 + r. Let w = s - 158. What are the prime factors of w?
2, 3
Let z = 67 - 64. Suppose z*v - 1 = 5. What are the prime factors of (-305)/(-3) - v/3?
101
Let c = -585 + 571. Let j(m) = -115*m + 168. What are the prime factors of j(c)?
2, 7, 127
Let p(u) = -2*u - 10. Let b be p(-7). Suppose -b*t + 1081 = a, -2*t + 377 = 2*a - 165. Let d = -170 + t. What are the prime factors of d?
2, 5
List the prime factors of 69884412/1131 + 10/145.
2, 5, 37, 167
Let y(c) be the third derivative of -5*c**5/4 + c**4/12 - c**3/6 - 15*c**2. Let b be y(1). Let v = b + 286. What are the prime factors of v?
2, 53
Suppose 0 = 2*v - 4*v + 252. Suppose -5*o + 3*d = -321, 3*o - 5*o + 2*d = -v. What are the prime factors of o?
2, 3, 11
Suppose -31*n + 89404 = -2759. What are the prime factors of n?
3, 991
Let d = -128 - -141. Suppose -d*w + 96 = -7*w. What are the prime factors of w?
2
Suppose -440 = -11*t - 55. Suppose -3*b = 28 + t. What are the prime factors of 7*9 - 0/b?
3, 7
Suppose 4*v - 8 - 8 = 0. Let a(q) be the third derivative of -q**4/6 + 4*q**3 - 8*q**2. What are the prime factors of a(v)?
2
Suppose -a - 5*l - 13439 = -4*a, -4*l = 5*a - 22460. What are the prime factors of a?
2, 3, 11, 17
Let a(r) = -15*r - 55. Let w(m) = -16*m - 55. Let i(h) = 3*a(h) - 4*w(h). List the prime factors of i(6).
13
Let d be (-14 + -1)*(-8)/(1 - -7). Suppose d*h = -10*h + 500. List the prime factors of h.
2, 5
Let h = 185 - 524. Let r be 4 + h + 3 + 5. Let i = r - -477. List the prime factors of i.
2, 3, 5
Let i(b) = 1699*b**2 - 46*b + 76. What are the prime factors of i(2)?
2, 3, 5, 113
Suppose v = 25 - 23. Suppose -v*a + 7*a = y - 16, -2*y + 5*a = -12. List the prime factors of (y - ((-3 - -2) + 4))*-11.
7, 11
Suppose -5995 = -9*q + 4*q + 5*k, -3*q = -2*k - 3600. Suppose -4 = -2*r, -11*r + 7*r = 3*j - q. What are the prime factors of j?
2, 199
Let o be (35/21 + -1)*12. Suppose 137 = -o*u + 841. List the prime factors of u.
2, 11
Suppose -3*c - 32 = -7*c. Suppose -c*x = x - 90. Suppose -2*f - 3*f = x, -452 = -3*k - 5*f. List the prime factors of k.
2, 7, 11
Suppose -4384*v = -4378*v - 11790. What are the prime factors of v?
3, 5, 131
Suppose 0 = -57*q + 56*q. Let x be (1 - 0/2)*7. Suppose q*z + 280 = x*z. List the prime factors of z.
2, 5
Let x = -10276 + 15956. What are the prime factors of x?
2, 5, 71
Suppose 0 = -21*t - 29912 + 274142. List the prime factors of t.
2, 5, 1163
Suppose -933*w - 35648 = -4*h - 937*w, -3*h + 26688 = -5*w. What are the prime factors of h?
2, 61, 73
Let w(p) = 445*p**2 - 101*p - 446. List the prime factors of w(-6).
2, 5, 809
Let w(j) = 72*j + 68. Let i be w(11). Suppose -3*g - 101 = -i. What are the prime factors of g?
11, 23
Suppose -1111*c = -1143*c + 858112. List the prime factors of c.
2, 419
Suppose 0 = 5*y - 5*d - 4225, 1133 = y - 4*d + 279. Let j = y + -503. List the prime factors of j.
3, 113
Suppose 20 = -2*s + 5*c, 0 = -3*s + 4*s + 2*c - 8. Suppose 5*t + s = 40. Let b = t + 88. What are the prime factors of b?
2, 3
Let t be (15/(-20))/(6/(-32)). Suppose -1 + 9 = -4*j, -t*s = -2*j + 1584. Let l = s - -563. What are the prime factors of l?
2, 83
Suppose 68*f - 71*f = -2*j - 31006, -4*f = -5*j - 41346. List the prime factors of f.
2, 5167
Let l be (-4 - 200/(-56))*-7. Suppose 0 = -3*i + 2*x + 206, 5*i = -x + l*x + 338. What are the prime factors of i?
2, 3, 11
Let k be (-204)/2*3040/114. What are the prime factors of (-27)/((-432)/k)*(-8)/10?
2, 17
Let a(d) = d + 11. Let r be a(11). Suppose -z + 3*g + 8 = -12, 25 = 2*z - g. List the prime factors of z/(r/80) - 4.
2, 3
Suppose 7*q = -18 - 3. Let d be q*47/(-3) - -3. Suppose 0 = 3*p - d - 118. What are the prime factors of p?
2, 7
Suppose 16*h - 12*h + 20 = -4*q, 0 = -4*h + q - 25. List the prime factors of 20075/33 - (-2)/h.
2, 19
Suppose -2*g + 1355 = 4*k - 6755, 0 = 6*g - 5*k - 24398. What are the prime factors of g?
17, 239
Suppose 4*i + 3*i - 112 = 0. Suppose -3*k = -5*j + i, -5 = 5*k - 3*j - j. Suppose -k*s - s + 36 = 0. What are the prime factors of s?
3
Let m = 10021 - 5258. Suppose 6*p - m = 145. What are the prime factors of p?
2, 409
Suppose -4*k + 0*k + i + 38 = 0, 2*i + 46 = 5*k. Let q = -6 + 8. Suppose k = q*l - 186. List the prime factors of l.
2, 7
Let m = 389 - 668. What are the prime factors of 11/55 - m/5?
2, 7
Suppose 26*y - 5831 - 1215 = 0. Suppose 2*b + 8*u = 4*u + 316, -2*b = -5*u - y. What are the prime factors of b?
2, 37
Let w(m) = -m**3 - m - 7*m - 18 - 17*m**2 - 13*m. Let v be w(-16). Let k = 1 + v. What are the prime factors of k?
3, 7
Suppose -3*g = 3*z + 24, -2*z - 9 = -0*g - 5*g. Let q be 24/84 - 33/z. Suppose q*k + 2*t = 274, -3*k - 5*t + 64 = -2*k. What are the prime factors of k?
2, 3
Let v = 37 + -42. List the prime factors of 2 - (-215 - 2) - v.
2, 7
Let s = -53 - -147. Suppose 4*a - 2*j - s = 0, 3*a - 3*j = 7*a - 79. What are the prime factors of a?
2, 11
Let k be (42/105)/(0 - (-2)/180). Let h = k + -36. Suppose h = -3*w + 3*m + 18, -w = -0*m + 3*m - 14. What are the prime factors of w?
2
Let i(b) = 8*b**2 - 113*b - 41. List the prime factors of i(20).
29, 31
Let v(j) = 3*j**2 - 9*j - 10. Let b be v(-1). Suppose 0 = -b*r - 22*r + 9480. List the prime factors of r.
5, 79
Let x = 106 + -78. Suppose 26*u - x*u + 42 = 0. List the prime factors of (u/28)/((-2)/(-96)).
2, 3
Let p(h) = -h**2 + 2*h + 17. Let y be p(5). Let n be (y + -6)/(-2 + -2). What are the prime factors of (-9)/27 - (343/(-3) + n)?
113
Suppose 0 = -780*v + 767*v + 105248. List the prime factors of v.
2, 11, 23
List the prime factors of (-9)/36*12 - 56094/(-3).
5, 3739
Suppose 5492 = 26*l - 54646. What are the prime factors of l?
3, 257
Let t(n) = n**2 - 8*n. Let c be t(0). Let l(h) = 2*h**2 + h + 772. What are the prime factors of l(c)?
2, 193
Let q(k) = -3*k + 8. Let r be q(0). What are the prime factors of 2 + 259 + (13 - r)?
2, 7, 19
Suppose -493 = -25*v - 93. Suppose -v*p + 22*p = 9372. List the prime factors of p.
2, 11, 71
Let q(w) = 7*w**2 + 2*w + 2. Let n be (-205)/(2 + 3) - -3. Let g be (-116)/145 - n/10. List the prime factors of q(g).
71
Suppose -13 = -3*v - 1. Suppose -w = -2*r + 757 + 141, v*r - 1808 = -w. List the prime factors of r.
11, 41
Suppose -2*i + 38086 = 3*j, j - 137*i = -135*i + 12706. What are the prime factors of j?
2, 7, 907
Let k be ((-3 - -3)/1)/(-2). Suppose 3*y + 5*y - 1760 = k. Suppose 0 = 2*b + 3*c - y, -6*b = -2*b + 5*c - 440. List the prime factors of b.
2, 5, 11
Let i = 265 - -2279. What are the prime factors of i?
2, 3, 53
Let r(h) = h**3 + 66*h**2 - 364*h - 206. What are the prime factors of r(-71)?
433
Let v = 53377 + -11929. What are the prime factors of v?
2, 3, 11, 157
Let y(p) = p**3 + 11*p**2 + 9*p - 10. Let k be y(-7). Let z be 13/(13/(-66)) - 2 - -7. Let i = k - z. List the prime factors of i.
2, 23
What are the prime factors of 8 - (-18)/(-3) - (-9888)/6?
2, 3, 5, 11
List the prime factors of (1/(-2) + 104442/(-60))*-5.
2, 3, 1451
Let z be ((-24)/9 + 4)/(1/3). Suppose z*m = 12 + 12. Let p(a) = 57*a - 53. List the prime factors of p(m).
17
Let w(n) = 5*n**3 + 6*n**2 + 6*n - 86. Suppose -4*d = 2 - 14, 5*o - 4*d = 13. List the prime factors of w(o).
719
Suppose 4*p = 4*l + 7120, 36*p = 31*p - l + 8882. Suppose 3*h = 2*b - 15, 4*h = 5*b + 2*h - 54. Suppose b*f - 107 = p. What are the prime factors of f?
157
Let q = 221 - 58. Let b = q + -43. List the prime factors of b.
2, 3, 5
Let a(p) = 27*p**2 - 454*p - 87. What are the prime factors of a(28)?
8369
Suppose 5 = -y - 12. Suppose -5*c - 22*v + 462 = -24*v, 4*v = 5*c - 454. Let m = y + c. List the prime factors of m.
7, 11
Let n(u) = -u**3 - 73*u**2 + 215*u + 108. What are the prime factors of n(-77)?
3, 2423
Let j be 8409/(-9 + 6 - -6). Let y = j + -1010. List the prime factors of y.
11, 163
Suppose 0 = -30*w + 731778 + 1671255 - 575073. List the prime factors of w.
2, 15233
Let s(g) = 254*g**2 + 19*g - 501. What are the prime factors of s(-12)?
3, 7, 569
Let q(s) = 26*s**3 - 1178*s**2 + 31*s + 79. List the prime factors of q(47).
2, 24683
Suppose 1501*f - 1482*f - 8417 = 0. List the prime factors of f.
443
Let g = -19 + 19. Let r be g/3 - 3 - -5. Suppose -2*f - r*f + 3*o = -123, 89 = 3*f + o. List the prime factors of f.
2, 3, 5
Let o = 2197 - 799. Sup